 p be g(27). Calculate the greatest common divisor of p and 21.
7
Let p(m) = -m**3 - 25*m**2 + 28*m + 82. Let d be p(-26). Let s = 22 + -50. Let u = s - -40. What is the highest common factor of u and d?
6
Suppose 0 = -3*j - 9, -51*t + j + 2667 = -49*t. What is the highest common divisor of 126 and t?
18
Suppose 3*g - 2 = -233. Let u be 116/14 - (-22)/g. Suppose -33 = -u*v - 3*v. What is the greatest common divisor of 51 and v?
3
Suppose -3*h + 2*h + 124 = 0. Let u = 70027 + -70015. What is the greatest common divisor of u and h?
4
Let u = -88 + 92. Suppose 4*q + u*i - 2448 = 0, 2*i + 527 = q - 97. Calculate the greatest common factor of q and 7.
7
Suppose 0 = 37*m - 38*m. Let l(b) = -b**2 + 9*b - 340. Let y be l(m). Let s = -110 - y. Calculate the greatest common divisor of s and 10.
10
Suppose 16*s - 11*s = 3*z - 247, s - 393 = -5*z. Calculate the highest common divisor of z and 16.
1
Suppose -39*q - 10*q + 7216 = -8*q. Calculate the greatest common factor of 1276 and q.
44
Let g be -4 + 6/(-12) + (-3)/(-2). Let m(s) = -2*s - s + 0*s - 3. Let k be m(g). What is the greatest common factor of k and 54?
6
Suppose 23*v = 89 + 26. Suppose 7*u + 12 = 11*u. Suppose 5*z + 5*r - 421 = r, -256 = -u*z + r. What is the greatest common divisor of z and v?
5
Suppose 0 = 24*m - 31*m + 35. Suppose -g - m*k - 4 = 0, -4*g + 6 + 12 = 3*k. What is the highest common factor of g and 6?
6
Let y(v) = -v**2 + 4 + 61*v + 3 - 3 - 42*v. Let x be y(19). What is the highest common divisor of 108 and x?
4
Suppose 7*k + 8405 = 5*b + 11*k, -4*b - 4*k + 6724 = 0. Suppose 3*r + 1119 = 5*r - p, -3*r + b = -4*p. Calculate the highest common factor of r and 43.
43
Let m = 2947 - 2758. What is the greatest common divisor of 108 and m?
27
Suppose 6 = 3*y - y. Suppose 0 = -y*b + 15. Suppose 0 = -b*x + 51 + 79. Calculate the greatest common factor of x and 143.
13
Let b(g) = -g**3 + 17*g**2 - 11*g - 3. Let o be b(3). What is the greatest common factor of 1660 and o?
10
Let k = 816 - -3450. Calculate the greatest common divisor of k and 54.
54
Let t(i) = 9*i + 90. Let j be t(-10). Suppose 0 = -j*w - 2*w + 46. What is the highest common divisor of 92 and w?
23
Let k = -5436 - -6138. Calculate the greatest common divisor of k and 216.
54
Let q = -5 + 29. Let l(z) = -z**3 - 4*z**2 + 6*z. Let k be -2 + (-20)/6*6/5. Let h be l(k). What is the greatest common divisor of q and h?
12
Let f = -233 + 378. Suppose 0 = 3*p + 4*u - f, 7*p - 260 = 2*p - 3*u. Suppose 3*q - c = 38, 7*q = 3*q - 2*c + 34. What is the greatest common factor of q and p?
11
Let q be (1 - 231/6)/(1/(-10)). Suppose -3*c = 12*c - q. Let t be (-5)/c - 1396/(-5). Calculate the greatest common divisor of t and 31.
31
Suppose -44 - 93 = -5*s - 3*g, 2*s - 8 = 4*g. What is the greatest common divisor of s and 11231?
11
Let z(w) = 457*w. Let q be z(1). Suppose -11*i + q = 94. Let c be (11/i)/((-1)/(-99)). Calculate the highest common divisor of 231 and c.
33
Let m be (5 - 0)*(-2136)/(-20). Suppose m = 5*y + 184. Calculate the greatest common divisor of y and 28.
14
Suppose 4*b - 3*q - 8 = 0, 0 = b - q - 2 - 0. Let i be b/(-1)*(-66)/22. Calculate the greatest common factor of i and 48.
6
Suppose -22*w - 376 - 218 = 0. Let a be (-5 - w/5 - -1)*15. What is the highest common factor of 483 and a?
21
Let t = -3278 + 3280. What is the highest common factor of t and 2822?
2
Let q be 560/(-21)*-2*(-33)/(-2). What is the highest common factor of q and 10?
10
Let p(n) = -2*n**2 + 130*n + 532. Let c be p(-4). Let z(b) = b**2 - 23*b - 3*b**2 - 39 + b**2. Let y be z(c). What is the greatest common divisor of y and 14?
7
Let s be 6/1 + 75/((-11)/((-880)/24)). What is the greatest common factor of 43264 and s?
256
Let f be ((-13)/65 + 11/5)/(130/7215). Calculate the greatest common divisor of f and 6660.
111
Suppose -3*c + 3*g + 134 = -181, 2*g = -2*c + 194. Let y be (-38)/38 - (-906 - 4). Calculate the highest common divisor of y and c.
101
Suppose 4*s + 35 = -61. Let l be ((-15)/20)/(2/s). Suppose -81 = 67*h - 70*h. What is the highest common divisor of h and l?
9
Let x(z) be the second derivative of z**4/6 + 7*z**3/6 + 33*z**2/2 - 61*z. Let s be x(-3). Calculate the highest common divisor of s and 15.
15
Let d be 16 + (-3237)/26 - (-2)/4. Let g = d - -116. Suppose -3*y = 33 - 105. What is the highest common divisor of g and y?
8
Let g(p) = p**3 - 10*p**2 - p + 8. Let h be g(9). Let t = 20 + h. Let s = t + 81. Calculate the greatest common divisor of s and 171.
19
Suppose -6*g = -8*g. Suppose 0*v - 5*v = -5*i - 15, v - 5 = g. Let o be (10/(-5))/i*-1. Calculate the highest common divisor of 1 and o.
1
Suppose -70*x - 20 = -4*y - 66*x, -3*x + 3 = -y. Calculate the highest common divisor of y and 243.
9
Let f = 1224 + -630. Suppose 8*a = 19*a - f. Calculate the greatest common divisor of a and 24.
6
Suppose 3*l + 5 = -4*c, -2*c + 20 = -4*l - 4*c. Let g(s) = -s**2 - 13*s - 10. Let u be g(l). Calculate the highest common divisor of u and 12.
4
Let h be (-4)/(-10) - 296/(-10). Suppose -34*l = -8564 + 404. What is the highest common divisor of l and h?
30
Let c be (-13932)/(-14) - (-4 - 145/(-35)). Suppose 101 = 3*g + c. Let i = g - -452. Calculate the greatest common divisor of i and 7.
7
Suppose -3*p + 9 = -s - 23, 2*s + 28 = 3*p. Calculate the greatest common divisor of p and 9876.
12
Suppose 25 = 3*p + 2*n, 2*n = 2*p + 2*p - 38. Let g = 552 + -291. What is the greatest common factor of g and p?
9
Suppose 4 = q - 0. Suppose -2*j = q*p + 3*j + 4, 5*j + 20 = 0. Let l be 362/60 + (-14)/420. What is the greatest common divisor of p and l?
2
Let h(x) = 4*x - 19. Let p be h(13). Let w be (-6)/p + 171/33. Suppose 4*i - 44 = -0*a - w*a, i + 2*a = 8. What is the greatest common factor of i and 2?
2
Let n(c) = -5*c**2 - 28*c - 105. Let v(y) = y**2 + y + 3. Let p(a) = n(a) + 4*v(a). Let t be p(-8). Calculate the highest common factor of 14 and t.
7
Let b be 1/4 + (-78)/24. Let h be ((-2)/4)/(b/(-24)) + 18. Let i(g) = g**3 - 14*g**2 + 3*g - 33. Let o be i(h). What is the greatest common factor of o and 18?
9
Let k = 204 + -195. Suppose -309 = -k*l + 87. Calculate the greatest common divisor of l and 22.
22
Let w be 15132 - 4/(60/105). What is the highest common divisor of 25 and w?
25
Let o(v) = -3*v + 67. Let x be o(-7). Let q(i) = 4*i**2 - 3*i - 3. Let n be q(3). Let m be (-2 + n)/(6 + -5). Calculate the highest common factor of x and m.
22
Let l = 1566 - 1402. What is the highest common divisor of 2214 and l?
82
Suppose -646 = -5*j - h, -176*j + 180*j + 3*h = 508. Calculate the greatest common factor of 2990 and j.
130
Let d be 3/9*3*(-15)/(-5). Suppose f + 1 + 9 = 5*n, -d*n - 2*f = -6. Calculate the highest common divisor of n and 1.
1
Let a = -2903 + 2951. Calculate the greatest common factor of 1296 and a.
48
Suppose 2*a - 2606 = -0*a - 2*p, 4*a + 3*p - 5214 = 0. Suppose 10*w - a = 375. Calculate the highest common factor of w and 24.
24
Suppose 11*j - 5 - 182 = 0. Let s = j - 16. Let t(v) = 37*v - 2. Let c be t(s). What is the highest common factor of 70 and c?
35
Let u = -6503 - -6531. What is the greatest common factor of 63 and u?
7
Suppose -154*z + 83538 = -77*z - 43*z. What is the highest common divisor of 364 and z?
91
Suppose 15*p = 121 - 301. Let m be 293 - 5/(30/p). What is the highest common factor of 5 and m?
5
Let p be 4367/44 + 1/(-4). Suppose p = 10*r - 21. Let y = 1 + r. Calculate the highest common divisor of 26 and y.
13
Let h be 13/((-91)/(-994)) - 6. Suppose -51*j - h = -55*j. Calculate the highest common factor of j and 34.
34
Let j(u) = u**3 + 97*u**2 - 8*u + 1212. Let f be j(-96). Calculate the greatest common divisor of f and 72.
36
Let t = 6205 - 5968. What is the greatest common factor of 948 and t?
237
Suppose 10*k - 2*o + 466 = 6*k, 0 = o + 5. Let c be (-4)/14 + (-6936)/k. What is the highest common divisor of 145 and c?
29
Suppose -215*l + 29114 + 109346 = 0. What is the greatest common divisor of l and 8211?
161
Suppose h + 4*s = -46, -6*h + 2*h + 2*s - 202 = 0. Let i = h + 176. Calculate the greatest common divisor of i and 28.
14
Suppose -15*r - 122 + 407 = 0. Let w be r - ((-559)/117 + 2/(-9)). Calculate the greatest common factor of 8 and w.
8
Let b(k) be the third derivative of k**4/4 - 3*k**3 - 31*k**2. Let u be